{"id":1870,"date":"2021-03-12T16:42:28","date_gmt":"2021-03-12T15:42:28","guid":{"rendered":"https:\/\/sevenspaces.pl\/?page_id=1870"},"modified":"2021-06-04T09:19:37","modified_gmt":"2021-06-04T07:19:37","slug":"desiq","status":"publish","type":"page","link":"https:\/\/sevenspaces.pl\/?page_id=1870","title":{"rendered":"Desiq"},"content":{"rendered":"<div class=\"fusion-fullwidth fullwidth-box fusion-builder-row-1 fusion-flex-container fusion-parallax-none nonhundred-percent-fullwidth non-hundred-percent-height-scrolling\" style=\"--awb-background-position:center top;--awb-border-radius-top-left:0px;--awb-border-radius-top-right:0px;--awb-border-radius-bottom-right:0px;--awb-border-radius-bottom-left:0px;--awb-padding-top:3%;--awb-padding-bottom:6%;--awb-margin-bottom:0px;--awb-background-color:#171717;--awb-background-image:url(&quot;https:\/\/sevenspaces.pl\/wp-content\/uploads\/2018\/12\/avadabarbers-about-introbackground.jpg&quot;);--awb-background-size:cover;--awb-flex-wrap:wrap;\" ><div class=\"fusion-builder-row fusion-row fusion-flex-align-items-stretch fusion-flex-content-wrap\" style=\"max-width:1185.6px;margin-left: calc(-4% \/ 2 );margin-right: calc(-4% \/ 2 );\"><div class=\"fusion-layout-column fusion_builder_column fusion-builder-column-0 fusion_builder_column_1_1 1_1 fusion-flex-column fusion-flex-align-self-flex-start fusion-column-no-min-height\" style=\"--awb-padding-top:60px;--awb-bg-position:center top;--awb-bg-size:cover;--awb-width-large:100%;--awb-margin-top-large:0px;--awb-spacing-right-large:1.92%;--awb-margin-bottom-large:20px;--awb-spacing-left-large:1.92%;--awb-width-medium:100%;--awb-spacing-right-medium:1.92%;--awb-spacing-left-medium:1.92%;--awb-width-small:100%;--awb-spacing-right-small:1.92%;--awb-spacing-left-small:1.92%;\"><div class=\"fusion-column-wrapper fusion-flex-justify-content-center fusion-content-layout-column\"><div class=\"fusion-title title fusion-title-1 fusion-sep-none fusion-title-center fusion-title-text fusion-title-size-two\" style=\"--awb-margin-bottom:0px;\"><h2 class=\"fusion-title-heading title-heading-center fusion-responsive-typography-calculated\" style=\"margin:0;--fontSize:16;--minFontSize:16;line-height:1.2;\">\u0141\u00d3\u017bKA KOMODY I STOLIKI Z LITEGO DREWNA<\/h2><\/div><div class=\"fusion-title title fusion-title-2 fusion-sep-none fusion-title-center fusion-title-text fusion-title-size-three\" style=\"--awb-margin-bottom:40px;--awb-font-size:70px;\"><h3 class=\"fusion-title-heading title-heading-center fusion-responsive-typography-calculated\" style=\"margin:0;font-size:1em;--fontSize:70;line-height:1.4;\">Desiq<\/h3><\/div><\/div><\/div><div class=\"fusion-layout-column fusion_builder_column fusion-builder-column-1 fusion_builder_column_1_1 1_1 fusion-flex-column\" style=\"--awb-bg-size:cover;--awb-width-large:100%;--awb-margin-top-large:0px;--awb-spacing-right-large:1.92%;--awb-margin-bottom-large:20px;--awb-spacing-left-large:1.92%;--awb-width-medium:100%;--awb-spacing-right-medium:1.92%;--awb-spacing-left-medium:1.92%;--awb-width-small:100%;--awb-spacing-right-small:1.92%;--awb-spacing-left-small:1.92%;\"><div class=\"fusion-column-wrapper fusion-column-has-shadow fusion-flex-justify-content-flex-start fusion-content-layout-column\">\n<div class=\"fusion-slider-revolution rev_slider_wrapper\">\t\t\t<!-- START Desiq REVOLUTION SLIDER 6.6.18 --><p class=\"rs-p-wp-fix\"><\/p>\n\t\t\t<rs-module-wrap id=\"rev_slider_17_1_wrapper\" data-source=\"gallery\" style=\"visibility:hidden;background:transparent;padding:0;margin:0px auto;margin-top:0;margin-bottom:0;\">\n\t\t\t\t<rs-module id=\"rev_slider_17_1\" style=\"\" data-version=\"6.6.18\">\n\t\t\t\t\t<rs-slides style=\"overflow: hidden; position: absolute;\">\n\t\t\t\t\t\t<rs-slide style=\"position: absolute;\" data-key=\"rs-1285\" data-title=\"Slide\" data-thumb=\"\/\/sevenspaces.pl\/wp-content\/uploads\/2021\/03\/Desiq-1-50x100.jpg\" data-anim=\"ms:1000;r:0;\" data-in=\"o:0;\" data-out=\"a:false;\">\n\t\t\t\t\t\t\t<img decoding=\"async\" src=\"\/\/sevenspaces.pl\/wp-content\/plugins\/revslider\/public\/assets\/assets\/dummy.png\" alt=\"\" title=\"Desiq\" class=\"rev-slidebg tp-rs-img rs-lazyload\" data-lazyload=\"\/\/sevenspaces.pl\/wp-content\/uploads\/2021\/03\/Desiq-1.jpg\" data-parallax=\"off\" data-no-retina>\n<!---->\t\t\t\t\t\t<\/rs-slide>\n\t\t\t\t\t\t<rs-slide style=\"position: absolute;\" data-key=\"rs-1286\" data-title=\"Slide\" data-thumb=\"\/\/sevenspaces.pl\/wp-content\/uploads\/2021\/03\/Desiq-2-50x100.jpg\" data-anim=\"ms:1000;r:0;\" data-in=\"o:0;\" data-out=\"a:false;\">\n\t\t\t\t\t\t\t<img decoding=\"async\" src=\"\/\/sevenspaces.pl\/wp-content\/plugins\/revslider\/public\/assets\/assets\/dummy.png\" alt=\"\" title=\"Desiq\" class=\"rev-slidebg tp-rs-img rs-lazyload\" data-lazyload=\"\/\/sevenspaces.pl\/wp-content\/uploads\/2021\/03\/Desiq-2.jpg\" data-parallax=\"off\" data-no-retina>\n<!---->\t\t\t\t\t\t<\/rs-slide>\n\t\t\t\t\t\t<rs-slide style=\"position: absolute;\" data-key=\"rs-1287\" data-title=\"Slide\" data-thumb=\"\/\/sevenspaces.pl\/wp-content\/uploads\/2021\/03\/Desiq-3-50x100.jpg\" data-anim=\"ms:1000;r:0;\" data-in=\"o:0;\" data-out=\"a:false;\">\n\t\t\t\t\t\t\t<img decoding=\"async\" src=\"\/\/sevenspaces.pl\/wp-content\/plugins\/revslider\/public\/assets\/assets\/dummy.png\" alt=\"\" title=\"Desiq\" class=\"rev-slidebg tp-rs-img rs-lazyload\" data-lazyload=\"\/\/sevenspaces.pl\/wp-content\/uploads\/2021\/03\/Desiq-3.jpg\" data-parallax=\"off\" data-no-retina>\n<!---->\t\t\t\t\t\t<\/rs-slide>\n\t\t\t\t\t\t<rs-slide style=\"position: absolute;\" data-key=\"rs-1288\" data-title=\"Slide\" data-thumb=\"\/\/sevenspaces.pl\/wp-content\/uploads\/2021\/03\/Desiq-4-50x100.jpg\" data-anim=\"ms:1000;r:0;\" data-in=\"o:0;\" data-out=\"a:false;\">\n\t\t\t\t\t\t\t<img decoding=\"async\" src=\"\/\/sevenspaces.pl\/wp-content\/plugins\/revslider\/public\/assets\/assets\/dummy.png\" alt=\"\" title=\"Desiq\" class=\"rev-slidebg tp-rs-img rs-lazyload\" data-lazyload=\"\/\/sevenspaces.pl\/wp-content\/uploads\/2021\/03\/Desiq-4.jpg\" data-parallax=\"off\" data-no-retina>\n<!---->\t\t\t\t\t\t<\/rs-slide>\n\t\t\t\t\t\t<rs-slide style=\"position: absolute;\" data-key=\"rs-1289\" data-title=\"Slide\" data-thumb=\"\/\/sevenspaces.pl\/wp-content\/uploads\/2021\/03\/Desiq-5-50x100.jpg\" data-anim=\"ms:1000;r:0;\" data-in=\"o:0;\" data-out=\"a:false;\">\n\t\t\t\t\t\t\t<img decoding=\"async\" src=\"\/\/sevenspaces.pl\/wp-content\/plugins\/revslider\/public\/assets\/assets\/dummy.png\" alt=\"\" title=\"Desiq\" class=\"rev-slidebg tp-rs-img rs-lazyload\" data-lazyload=\"\/\/sevenspaces.pl\/wp-content\/uploads\/2021\/03\/Desiq-5.jpg\" data-parallax=\"off\" data-no-retina>\n<!---->\t\t\t\t\t\t<\/rs-slide>\n\t\t\t\t\t\t<rs-slide style=\"position: absolute;\" data-key=\"rs-1290\" data-title=\"Slide\" data-thumb=\"\/\/sevenspaces.pl\/wp-content\/uploads\/2021\/03\/Desiq-6-50x100.jpg\" data-anim=\"ms:1000;r:0;\" data-in=\"o:0;\" data-out=\"a:false;\">\n\t\t\t\t\t\t\t<img decoding=\"async\" src=\"\/\/sevenspaces.pl\/wp-content\/plugins\/revslider\/public\/assets\/assets\/dummy.png\" alt=\"\" title=\"Desiq\" class=\"rev-slidebg tp-rs-img rs-lazyload\" data-lazyload=\"\/\/sevenspaces.pl\/wp-content\/uploads\/2021\/03\/Desiq-6.jpg\" data-parallax=\"off\" data-no-retina>\n<!---->\t\t\t\t\t\t<\/rs-slide>\n\t\t\t\t\t\t<rs-slide style=\"position: absolute;\" data-key=\"rs-1291\" data-title=\"Slide\" data-thumb=\"\/\/sevenspaces.pl\/wp-content\/uploads\/2021\/03\/Desiq-7-50x100.jpg\" data-anim=\"ms:1000;r:0;\" data-in=\"o:0;\" data-out=\"a:false;\">\n\t\t\t\t\t\t\t<img decoding=\"async\" src=\"\/\/sevenspaces.pl\/wp-content\/plugins\/revslider\/public\/assets\/assets\/dummy.png\" alt=\"\" title=\"Desiq\" class=\"rev-slidebg tp-rs-img rs-lazyload\" data-lazyload=\"\/\/sevenspaces.pl\/wp-content\/uploads\/2021\/03\/Desiq-7.jpg\" data-parallax=\"off\" data-no-retina>\n<!---->\t\t\t\t\t\t<\/rs-slide>\n\t\t\t\t\t\t<rs-slide style=\"position: absolute;\" data-key=\"rs-1292\" data-title=\"Slide\" data-thumb=\"\/\/sevenspaces.pl\/wp-content\/uploads\/2021\/03\/Desiq-8-50x100.jpg\" data-anim=\"ms:1000;r:0;\" data-in=\"o:0;\" data-out=\"a:false;\">\n\t\t\t\t\t\t\t<img decoding=\"async\" src=\"\/\/sevenspaces.pl\/wp-content\/plugins\/revslider\/public\/assets\/assets\/dummy.png\" alt=\"\" title=\"Desiq\" class=\"rev-slidebg tp-rs-img rs-lazyload\" data-lazyload=\"\/\/sevenspaces.pl\/wp-content\/uploads\/2021\/03\/Desiq-8.jpg\" data-parallax=\"off\" data-no-retina>\n<!---->\t\t\t\t\t\t<\/rs-slide>\n\t\t\t\t\t\t<rs-slide style=\"position: absolute;\" data-key=\"rs-1293\" data-title=\"Slide\" data-thumb=\"\/\/sevenspaces.pl\/wp-content\/uploads\/2021\/03\/Desiq-9-50x100.jpg\" data-anim=\"ms:1000;r:0;\" data-in=\"o:0;\" data-out=\"a:false;\">\n\t\t\t\t\t\t\t<img decoding=\"async\" src=\"\/\/sevenspaces.pl\/wp-content\/plugins\/revslider\/public\/assets\/assets\/dummy.png\" alt=\"\" title=\"Desiq\" class=\"rev-slidebg tp-rs-img rs-lazyload\" data-lazyload=\"\/\/sevenspaces.pl\/wp-content\/uploads\/2021\/03\/Desiq-9.jpg\" data-parallax=\"off\" data-no-retina>\n<!---->\t\t\t\t\t\t<\/rs-slide>\n\t\t\t\t\t\t<rs-slide style=\"position: absolute;\" data-key=\"rs-1294\" data-title=\"Slide\" data-thumb=\"\/\/sevenspaces.pl\/wp-content\/uploads\/2021\/03\/Desiq-11-50x100.jpg\" data-anim=\"ms:1000;r:0;\" data-in=\"o:0;\" data-out=\"a:false;\">\n\t\t\t\t\t\t\t<img decoding=\"async\" src=\"\/\/sevenspaces.pl\/wp-content\/plugins\/revslider\/public\/assets\/assets\/dummy.png\" alt=\"\" title=\"Desiq\" class=\"rev-slidebg tp-rs-img rs-lazyload\" data-lazyload=\"\/\/sevenspaces.pl\/wp-content\/uploads\/2021\/03\/Desiq-11.jpg\" data-parallax=\"off\" data-no-retina>\n<!---->\t\t\t\t\t\t<\/rs-slide>\n\t\t\t\t\t\t<rs-slide style=\"position: absolute;\" data-key=\"rs-1295\" data-title=\"Slide\" data-thumb=\"\/\/sevenspaces.pl\/wp-content\/uploads\/2021\/03\/Desiq-10-50x100.jpg\" data-anim=\"ms:1000;r:0;\" data-in=\"o:0;\" data-out=\"a:false;\">\n\t\t\t\t\t\t\t<img decoding=\"async\" src=\"\/\/sevenspaces.pl\/wp-content\/plugins\/revslider\/public\/assets\/assets\/dummy.png\" alt=\"\" title=\"Desiq\" class=\"rev-slidebg tp-rs-img rs-lazyload\" data-lazyload=\"\/\/sevenspaces.pl\/wp-content\/uploads\/2021\/03\/Desiq-10.jpg\" data-parallax=\"off\" data-no-retina>\n<!---->\t\t\t\t\t\t<\/rs-slide>\n\t\t\t\t\t\t<rs-slide style=\"position: absolute;\" data-key=\"rs-1296\" data-title=\"Slide\" data-thumb=\"\/\/sevenspaces.pl\/wp-content\/uploads\/2021\/03\/Desiq-12-50x100.jpg\" data-anim=\"ms:1000;r:0;\" data-in=\"o:0;\" data-out=\"a:false;\">\n\t\t\t\t\t\t\t<img decoding=\"async\" src=\"\/\/sevenspaces.pl\/wp-content\/plugins\/revslider\/public\/assets\/assets\/dummy.png\" alt=\"\" title=\"Desiq\" class=\"rev-slidebg tp-rs-img rs-lazyload\" data-lazyload=\"\/\/sevenspaces.pl\/wp-content\/uploads\/2021\/03\/Desiq-12.jpg\" data-parallax=\"off\" data-no-retina>\n<!---->\t\t\t\t\t\t<\/rs-slide>\n\t\t\t\t\t\t<rs-slide style=\"position: absolute;\" data-key=\"rs-1297\" data-title=\"Slide\" data-thumb=\"\/\/sevenspaces.pl\/wp-content\/uploads\/2021\/03\/Desiq-13-50x100.jpg\" data-anim=\"ms:1000;r:0;\" data-in=\"o:0;\" data-out=\"a:false;\">\n\t\t\t\t\t\t\t<img decoding=\"async\" src=\"\/\/sevenspaces.pl\/wp-content\/plugins\/revslider\/public\/assets\/assets\/dummy.png\" alt=\"\" title=\"Desiq\" class=\"rev-slidebg tp-rs-img rs-lazyload\" data-lazyload=\"\/\/sevenspaces.pl\/wp-content\/uploads\/2021\/03\/Desiq-13.jpg\" data-parallax=\"off\" data-no-retina>\n<!---->\t\t\t\t\t\t<\/rs-slide>\n\t\t\t\t\t\t<rs-slide style=\"position: absolute;\" data-key=\"rs-1298\" data-title=\"Slide\" data-thumb=\"\/\/sevenspaces.pl\/wp-content\/uploads\/2021\/03\/Desiq-14-50x100.jpg\" data-anim=\"ms:1000;r:0;\" data-in=\"o:0;\" data-out=\"a:false;\">\n\t\t\t\t\t\t\t<img decoding=\"async\" src=\"\/\/sevenspaces.pl\/wp-content\/plugins\/revslider\/public\/assets\/assets\/dummy.png\" alt=\"\" title=\"Desiq\" class=\"rev-slidebg tp-rs-img rs-lazyload\" data-lazyload=\"\/\/sevenspaces.pl\/wp-content\/uploads\/2021\/03\/Desiq-14.jpg\" data-parallax=\"off\" data-no-retina>\n<!---->\t\t\t\t\t\t<\/rs-slide>\n\t\t\t\t\t\t<rs-slide style=\"position: absolute;\" data-key=\"rs-1299\" data-title=\"Slide\" data-thumb=\"\/\/sevenspaces.pl\/wp-content\/uploads\/2021\/03\/Desiq-15-50x100.jpg\" data-anim=\"ms:1000;r:0;\" data-in=\"o:0;\" data-out=\"a:false;\">\n\t\t\t\t\t\t\t<img decoding=\"async\" src=\"\/\/sevenspaces.pl\/wp-content\/plugins\/revslider\/public\/assets\/assets\/dummy.png\" alt=\"\" title=\"Desiq\" class=\"rev-slidebg tp-rs-img rs-lazyload\" data-lazyload=\"\/\/sevenspaces.pl\/wp-content\/uploads\/2021\/03\/Desiq-15.jpg\" data-parallax=\"off\" data-no-retina>\n<!---->\t\t\t\t\t\t<\/rs-slide>\n\t\t\t\t\t\t<rs-slide style=\"position: absolute;\" data-key=\"rs-1300\" data-title=\"Slide\" data-thumb=\"\/\/sevenspaces.pl\/wp-content\/uploads\/2021\/03\/Desiq-16-50x100.jpg\" data-anim=\"ms:1000;r:0;\" data-in=\"o:0;\" data-out=\"a:false;\">\n\t\t\t\t\t\t\t<img decoding=\"async\" src=\"\/\/sevenspaces.pl\/wp-content\/plugins\/revslider\/public\/assets\/assets\/dummy.png\" alt=\"\" title=\"Desiq\" class=\"rev-slidebg tp-rs-img rs-lazyload\" data-lazyload=\"\/\/sevenspaces.pl\/wp-content\/uploads\/2021\/03\/Desiq-16.jpg\" data-parallax=\"off\" data-no-retina>\n<!---->\t\t\t\t\t\t<\/rs-slide>\n\t\t\t\t\t\t<rs-slide style=\"position: absolute;\" data-key=\"rs-1301\" data-title=\"Slide\" data-thumb=\"\/\/sevenspaces.pl\/wp-content\/uploads\/2021\/03\/Desiq-17-50x100.jpg\" data-anim=\"ms:1000;r:0;\" data-in=\"o:0;\" data-out=\"a:false;\">\n\t\t\t\t\t\t\t<img decoding=\"async\" src=\"\/\/sevenspaces.pl\/wp-content\/plugins\/revslider\/public\/assets\/assets\/dummy.png\" alt=\"\" title=\"Desiq\" class=\"rev-slidebg tp-rs-img rs-lazyload\" data-lazyload=\"\/\/sevenspaces.pl\/wp-content\/uploads\/2021\/03\/Desiq-17.jpg\" data-parallax=\"off\" data-no-retina>\n<!---->\t\t\t\t\t\t<\/rs-slide>\n\t\t\t\t\t\t<rs-slide style=\"position: absolute;\" data-key=\"rs-1302\" data-title=\"Slide\" data-thumb=\"\/\/sevenspaces.pl\/wp-content\/uploads\/2021\/03\/Desiq-18-50x100.jpg\" data-anim=\"ms:1000;r:0;\" data-in=\"o:0;\" data-out=\"a:false;\">\n\t\t\t\t\t\t\t<img decoding=\"async\" src=\"\/\/sevenspaces.pl\/wp-content\/plugins\/revslider\/public\/assets\/assets\/dummy.png\" alt=\"\" title=\"Desiq\" class=\"rev-slidebg tp-rs-img rs-lazyload\" data-lazyload=\"\/\/sevenspaces.pl\/wp-content\/uploads\/2021\/03\/Desiq-18.jpg\" data-parallax=\"off\" data-no-retina>\n<!---->\t\t\t\t\t\t<\/rs-slide>\n\t\t\t\t\t\t<rs-slide style=\"position: absolute;\" data-key=\"rs-1303\" data-title=\"Slide\" data-thumb=\"\/\/sevenspaces.pl\/wp-content\/uploads\/2021\/03\/Desiq-19-50x100.jpg\" data-anim=\"ms:1000;r:0;\" data-in=\"o:0;\" data-out=\"a:false;\">\n\t\t\t\t\t\t\t<img decoding=\"async\" src=\"\/\/sevenspaces.pl\/wp-content\/plugins\/revslider\/public\/assets\/assets\/dummy.png\" alt=\"\" title=\"Desiq\" class=\"rev-slidebg tp-rs-img rs-lazyload\" data-lazyload=\"\/\/sevenspaces.pl\/wp-content\/uploads\/2021\/03\/Desiq-19.jpg\" data-parallax=\"off\" data-no-retina>\n<!---->\t\t\t\t\t\t<\/rs-slide>\n\t\t\t\t\t<\/rs-slides>\n\t\t\t\t<\/rs-module>\n\t\t\t\t<script>\n\t\t\t\t\tsetREVStartSize({c: 'rev_slider_17_1',rl:[1240,1024,778,480],el:[768],gw:[1366],gh:[768],type:'carousel',justify:'',layout:'fullwidth',thumbh:\"80\",mh:\"0\"});if (window.RS_MODULES!==undefined && window.RS_MODULES.modules!==undefined && window.RS_MODULES.modules[\"revslider171\"]!==undefined) {window.RS_MODULES.modules[\"revslider171\"].once = false;window.revapi17 = undefined;if (window.RS_MODULES.checkMinimal!==undefined) window.RS_MODULES.checkMinimal()}\n\t\t\t\t<\/script>\n\t\t\t<\/rs-module-wrap>\n\t\t\t<!-- END REVOLUTION SLIDER -->\n<\/div><\/div><\/div><div class=\"fusion-layout-column fusion_builder_column fusion-builder-column-2 fusion_builder_column_1_1 1_1 fusion-flex-column fusion-flex-align-self-flex-start fusion-column-no-min-height\" style=\"--awb-bg-size:cover;--awb-width-large:100%;--awb-margin-top-large:30px;--awb-spacing-right-large:1.92%;--awb-margin-bottom-large:20px;--awb-spacing-left-large:1.92%;--awb-width-medium:100%;--awb-spacing-right-medium:1.92%;--awb-spacing-left-medium:1.92%;--awb-width-small:100%;--awb-spacing-right-small:1.92%;--awb-spacing-left-small:1.92%;\"><div class=\"fusion-column-wrapper fusion-column-has-shadow fusion-flex-justify-content-flex-start fusion-content-layout-column\"><div class=\"fusion-text fusion-text-1\"><p style=\"text-align: center;\">Desiq tworzy nowoczesne meble drewniane, kt\u00f3re uzupe\u0142ni\u0105 Twoje wn\u0119trza. To funkcjonalne, eleganckie i nieprzeci\u0119tne projekty, wykonane z litego drewna. Je\u015bli zale\u017cy Ci na pi\u0119knym, ale jednocze\u015bnie trwa\u0142ym wyposa\u017ceniu mieszkania czy domu \u2013 zapoznaj si\u0119 z ofert\u0105 tej firmy.<\/p>\n<p style=\"text-align: center;\">Wykorzystanie mebli Desiq zapewnia wyj\u0105tkowo\u015b\u0107 aran\u017cacji wn\u0119trz. Wysokiej jako\u015bci produkty pos\u0142u\u017c\u0105 przez d\u0142ugie lata. Wszystko za spraw\u0105 surowc\u00f3w, z kt\u00f3rych wykonywane s\u0105 ich unikalne meble. To komody, \u0142\u00f3\u017cka oraz szafki nocne z drewna orzechowego, jesionowego, d\u0119bowego oraz olchowego i czere\u015bniowego.<\/p>\n<p style=\"text-align: center;\">Desiq nie u\u017cywa sklejek ani drewnopodobnych ok\u0142adzin. Tym samym, ka\u017cdy wykonany mebel, przejmuje cechy fizyczne danego materia\u0142u, z kt\u00f3rego jest wykonany. Do produkcji wybierane s\u0105 najlepsze gatunki drewna, dzi\u0119ki czemu do Twoich r\u0105k trafiaj\u0105 produkty wysokiej jako\u015bci, odporne na uszkodzenia mechaniczne i niezwykle trwa\u0142e. Niepodwa\u017caln\u0105 zalet\u0105 mebli z litego drewna jest bowiem ich d\u0142uga \u017cywotno\u015b\u0107 \u2013 tego typu elementy wyposa\u017cenia wn\u0119trz mog\u0105 przetrwa\u0107 nawet kilkaset lat, wci\u0105\u017c prezentuj\u0105c si\u0119 zjawiskowo.<\/p>\n<\/div><\/div><\/div><div class=\"fusion-layout-column fusion_builder_column fusion-builder-column-3 fusion_builder_column_1_1 1_1 fusion-flex-column fusion-flex-align-self-flex-start fusion-column-no-min-height\" style=\"--awb-padding-top:40px;--awb-bg-size:cover;--awb-width-large:100%;--awb-margin-top-large:0px;--awb-spacing-right-large:1.92%;--awb-margin-bottom-large:20px;--awb-spacing-left-large:1.92%;--awb-width-medium:100%;--awb-spacing-right-medium:1.92%;--awb-spacing-left-medium:1.92%;--awb-width-small:100%;--awb-spacing-right-small:1.92%;--awb-spacing-left-small:1.92%;\"><div class=\"fusion-column-wrapper fusion-flex-justify-content-flex-start fusion-content-layout-column\"><div style=\"text-align:center;\"><a class=\"fusion-button button-flat button-xlarge button-default fusion-button-default button-1 fusion-button-default-span fusion-button-default-type\" style=\"--button_text_transform:uppercase;\" target=\"_blank\" rel=\"noopener noreferrer\" href=\"https:\/\/www.facebook.com\/SevenSpacesShowroom\/shop\/?ref_code=mini_shop_page_card_cta&amp;ref_surface=page\"><span class=\"fusion-button-text\">ZOBACZ OFERT\u0118 NA FB<\/span><\/a><\/div><\/div><\/div><\/div><\/div>\n","protected":false},"excerpt":{"rendered":"","protected":false},"author":7,"featured_media":0,"parent":2338,"menu_order":0,"comment_status":"closed","ping_status":"closed","template":"100-width.php","meta":{"footnotes":""},"class_list":["post-1870","page","type-page","status-publish","hentry"],"yoast_head":"<!-- This site is optimized with the Yoast SEO plugin v27.6 - https:\/\/yoast.com\/product\/yoast-seo-wordpress\/ -->\n<title>Desiq - Seven Spaces Showroom<\/title>\n<meta name=\"robots\" content=\"index, follow, max-snippet:-1, max-image-preview:large, max-video-preview:-1\" \/>\n<link rel=\"canonical\" href=\"https:\/\/sevenspaces.pl\/?page_id=1870\" \/>\n<meta property=\"og:locale\" content=\"pl_PL\" \/>\n<meta property=\"og:type\" content=\"article\" \/>\n<meta property=\"og:title\" content=\"Desiq - Seven Spaces Showroom\" \/>\n<meta property=\"og:url\" content=\"https:\/\/sevenspaces.pl\/?page_id=1870\" \/>\n<meta property=\"og:site_name\" content=\"Seven Spaces Showroom\" \/>\n<meta property=\"article:modified_time\" content=\"2021-06-04T07:19:37+00:00\" \/>\n<meta name=\"twitter:card\" content=\"summary_large_image\" \/>\n<meta name=\"twitter:label1\" content=\"Szacowany czas czytania\" \/>\n\t<meta name=\"twitter:data1\" content=\"4 minuty\" \/>\n<script type=\"application\/ld+json\" class=\"yoast-schema-graph\">{\"@context\":\"https:\\\/\\\/schema.org\",\"@graph\":[{\"@type\":\"WebPage\",\"@id\":\"https:\\\/\\\/sevenspaces.pl\\\/?page_id=1870\",\"url\":\"https:\\\/\\\/sevenspaces.pl\\\/?page_id=1870\",\"name\":\"Desiq - Seven Spaces Showroom\",\"isPartOf\":{\"@id\":\"https:\\\/\\\/sevenspaces.pl\\\/#website\"},\"datePublished\":\"2021-03-12T15:42:28+00:00\",\"dateModified\":\"2021-06-04T07:19:37+00:00\",\"breadcrumb\":{\"@id\":\"https:\\\/\\\/sevenspaces.pl\\\/?page_id=1870#breadcrumb\"},\"inLanguage\":\"pl-PL\",\"potentialAction\":[{\"@type\":\"ReadAction\",\"target\":[\"https:\\\/\\\/sevenspaces.pl\\\/?page_id=1870\"]}]},{\"@type\":\"BreadcrumbList\",\"@id\":\"https:\\\/\\\/sevenspaces.pl\\\/?page_id=1870#breadcrumb\",\"itemListElement\":[{\"@type\":\"ListItem\",\"position\":1,\"name\":\"Strona g\u0142\u00f3wna\",\"item\":\"https:\\\/\\\/sevenspaces.pl\\\/\"},{\"@type\":\"ListItem\",\"position\":2,\"name\":\"Produkty\",\"item\":\"https:\\\/\\\/sevenspaces.pl\\\/?page_id=17\"},{\"@type\":\"ListItem\",\"position\":3,\"name\":\"Meble\",\"item\":\"https:\\\/\\\/sevenspaces.pl\\\/?page_id=2338\"},{\"@type\":\"ListItem\",\"position\":4,\"name\":\"Desiq\"}]},{\"@type\":\"WebSite\",\"@id\":\"https:\\\/\\\/sevenspaces.pl\\\/#website\",\"url\":\"https:\\\/\\\/sevenspaces.pl\\\/\",\"name\":\"Seven Spaces Showroom\",\"description\":\"\",\"potentialAction\":[{\"@type\":\"SearchAction\",\"target\":{\"@type\":\"EntryPoint\",\"urlTemplate\":\"https:\\\/\\\/sevenspaces.pl\\\/?s={search_term_string}\"},\"query-input\":{\"@type\":\"PropertyValueSpecification\",\"valueRequired\":true,\"valueName\":\"search_term_string\"}}],\"inLanguage\":\"pl-PL\"}]}<\/script>\n<!-- \/ Yoast SEO plugin. -->","yoast_head_json":{"title":"Desiq - Seven Spaces Showroom","robots":{"index":"index","follow":"follow","max-snippet":"max-snippet:-1","max-image-preview":"max-image-preview:large","max-video-preview":"max-video-preview:-1"},"canonical":"https:\/\/sevenspaces.pl\/?page_id=1870","og_locale":"pl_PL","og_type":"article","og_title":"Desiq - Seven Spaces Showroom","og_url":"https:\/\/sevenspaces.pl\/?page_id=1870","og_site_name":"Seven Spaces Showroom","article_modified_time":"2021-06-04T07:19:37+00:00","twitter_card":"summary_large_image","twitter_misc":{"Szacowany czas czytania":"4 minuty"},"schema":{"@context":"https:\/\/schema.org","@graph":[{"@type":"WebPage","@id":"https:\/\/sevenspaces.pl\/?page_id=1870","url":"https:\/\/sevenspaces.pl\/?page_id=1870","name":"Desiq - Seven Spaces Showroom","isPartOf":{"@id":"https:\/\/sevenspaces.pl\/#website"},"datePublished":"2021-03-12T15:42:28+00:00","dateModified":"2021-06-04T07:19:37+00:00","breadcrumb":{"@id":"https:\/\/sevenspaces.pl\/?page_id=1870#breadcrumb"},"inLanguage":"pl-PL","potentialAction":[{"@type":"ReadAction","target":["https:\/\/sevenspaces.pl\/?page_id=1870"]}]},{"@type":"BreadcrumbList","@id":"https:\/\/sevenspaces.pl\/?page_id=1870#breadcrumb","itemListElement":[{"@type":"ListItem","position":1,"name":"Strona g\u0142\u00f3wna","item":"https:\/\/sevenspaces.pl\/"},{"@type":"ListItem","position":2,"name":"Produkty","item":"https:\/\/sevenspaces.pl\/?page_id=17"},{"@type":"ListItem","position":3,"name":"Meble","item":"https:\/\/sevenspaces.pl\/?page_id=2338"},{"@type":"ListItem","position":4,"name":"Desiq"}]},{"@type":"WebSite","@id":"https:\/\/sevenspaces.pl\/#website","url":"https:\/\/sevenspaces.pl\/","name":"Seven Spaces Showroom","description":"","potentialAction":[{"@type":"SearchAction","target":{"@type":"EntryPoint","urlTemplate":"https:\/\/sevenspaces.pl\/?s={search_term_string}"},"query-input":{"@type":"PropertyValueSpecification","valueRequired":true,"valueName":"search_term_string"}}],"inLanguage":"pl-PL"}]}},"_links":{"self":[{"href":"https:\/\/sevenspaces.pl\/index.php?rest_route=\/wp\/v2\/pages\/1870","targetHints":{"allow":["GET"]}}],"collection":[{"href":"https:\/\/sevenspaces.pl\/index.php?rest_route=\/wp\/v2\/pages"}],"about":[{"href":"https:\/\/sevenspaces.pl\/index.php?rest_route=\/wp\/v2\/types\/page"}],"author":[{"embeddable":true,"href":"https:\/\/sevenspaces.pl\/index.php?rest_route=\/wp\/v2\/users\/7"}],"replies":[{"embeddable":true,"href":"https:\/\/sevenspaces.pl\/index.php?rest_route=%2Fwp%2Fv2%2Fcomments&post=1870"}],"version-history":[{"count":7,"href":"https:\/\/sevenspaces.pl\/index.php?rest_route=\/wp\/v2\/pages\/1870\/revisions"}],"predecessor-version":[{"id":2906,"href":"https:\/\/sevenspaces.pl\/index.php?rest_route=\/wp\/v2\/pages\/1870\/revisions\/2906"}],"up":[{"embeddable":true,"href":"https:\/\/sevenspaces.pl\/index.php?rest_route=\/wp\/v2\/pages\/2338"}],"wp:attachment":[{"href":"https:\/\/sevenspaces.pl\/index.php?rest_route=%2Fwp%2Fv2%2Fmedia&parent=1870"}],"curies":[{"name":"wp","href":"https:\/\/api.w.org\/{rel}","templated":true}]}}