{"id":1269,"date":"2021-02-18T19:19:54","date_gmt":"2021-02-18T18:19:54","guid":{"rendered":"https:\/\/sevenspaces.pl\/?page_id=1269"},"modified":"2021-06-04T09:27:14","modified_gmt":"2021-06-04T07:27:14","slug":"elica","status":"publish","type":"page","link":"https:\/\/sevenspaces.pl\/?page_id=1269","title":{"rendered":"Elica"},"content":{"rendered":"<div class=\"fusion-fullwidth fullwidth-box fusion-builder-row-1 fusion-flex-container fusion-parallax-none nonhundred-percent-fullwidth non-hundred-percent-height-scrolling\" style=\"--awb-background-position:center top;--awb-border-radius-top-left:0px;--awb-border-radius-top-right:0px;--awb-border-radius-bottom-right:0px;--awb-border-radius-bottom-left:0px;--awb-padding-top:3%;--awb-padding-bottom:6%;--awb-margin-bottom:0px;--awb-background-color:#171717;--awb-background-image:url(&quot;https:\/\/sevenspaces.pl\/wp-content\/uploads\/2018\/12\/avadabarbers-about-introbackground.jpg&quot;);--awb-background-size:cover;--awb-flex-wrap:wrap;\" ><div class=\"fusion-builder-row fusion-row fusion-flex-align-items-stretch fusion-flex-content-wrap\" style=\"max-width:1185.6px;margin-left: calc(-4% \/ 2 );margin-right: calc(-4% \/ 2 );\"><div class=\"fusion-layout-column fusion_builder_column fusion-builder-column-0 fusion_builder_column_1_1 1_1 fusion-flex-column fusion-flex-align-self-flex-start fusion-column-no-min-height\" style=\"--awb-padding-top:60px;--awb-bg-position:center top;--awb-bg-size:cover;--awb-width-large:100%;--awb-margin-top-large:0px;--awb-spacing-right-large:1.92%;--awb-margin-bottom-large:20px;--awb-spacing-left-large:1.92%;--awb-width-medium:100%;--awb-spacing-right-medium:1.92%;--awb-spacing-left-medium:1.92%;--awb-width-small:100%;--awb-spacing-right-small:1.92%;--awb-spacing-left-small:1.92%;\"><div class=\"fusion-column-wrapper fusion-flex-justify-content-center fusion-content-layout-column\"><div class=\"fusion-title title fusion-title-1 fusion-sep-none fusion-title-center fusion-title-text fusion-title-size-two\" style=\"--awb-margin-bottom:0px;\"><h2 class=\"fusion-title-heading title-heading-center fusion-responsive-typography-calculated\" style=\"margin:0;--fontSize:16;--minFontSize:16;line-height:1.2;\">OKAPY WYSPOWE \u015aCIENNE PODSZAFKOWE I ZINTEGROWANE Z P\u0141YT\u0104<\/h2><\/div><div class=\"fusion-title title fusion-title-2 fusion-sep-none fusion-title-center fusion-title-text fusion-title-size-three\" style=\"--awb-margin-bottom:40px;--awb-font-size:70px;\"><h3 class=\"fusion-title-heading title-heading-center fusion-responsive-typography-calculated\" style=\"margin:0;font-size:1em;--fontSize:70;line-height:1.4;\">Elica<\/h3><\/div><\/div><\/div><div class=\"fusion-layout-column fusion_builder_column fusion-builder-column-1 fusion_builder_column_1_1 1_1 fusion-flex-column\" style=\"--awb-bg-size:cover;--awb-width-large:100%;--awb-margin-top-large:0px;--awb-spacing-right-large:1.92%;--awb-margin-bottom-large:20px;--awb-spacing-left-large:1.92%;--awb-width-medium:100%;--awb-spacing-right-medium:1.92%;--awb-spacing-left-medium:1.92%;--awb-width-small:100%;--awb-spacing-right-small:1.92%;--awb-spacing-left-small:1.92%;\"><div class=\"fusion-column-wrapper fusion-column-has-shadow fusion-flex-justify-content-flex-start fusion-content-layout-column\">\n<div class=\"fusion-slider-revolution rev_slider_wrapper\">\t\t\t<!-- START Elica REVOLUTION SLIDER 6.6.18 --><p class=\"rs-p-wp-fix\"><\/p>\n\t\t\t<rs-module-wrap id=\"rev_slider_2_1_wrapper\" data-source=\"gallery\" style=\"visibility:hidden;background:transparent;padding:0;margin:0px auto;margin-top:0;margin-bottom:0;\">\n\t\t\t\t<rs-module id=\"rev_slider_2_1\" style=\"\" data-version=\"6.6.18\">\n\t\t\t\t\t<rs-slides style=\"overflow: hidden; position: absolute;\">\n\t\t\t\t\t\t<rs-slide style=\"position: absolute;\" data-key=\"rs-1547\" data-title=\"Slide\" data-thumb=\"\/\/sevenspaces.pl\/wp-content\/uploads\/2021\/02\/elica-1-50x100.jpg\" data-anim=\"ms:1000;r:0;\" data-in=\"o:0;\" data-out=\"a:false;\">\n\t\t\t\t\t\t\t<img decoding=\"async\" src=\"\/\/sevenspaces.pl\/wp-content\/plugins\/revslider\/public\/assets\/assets\/dummy.png\" alt=\"\" title=\"Elica\" class=\"rev-slidebg tp-rs-img rs-lazyload\" data-lazyload=\"\/\/sevenspaces.pl\/wp-content\/uploads\/2021\/02\/elica-1.jpg\" data-parallax=\"off\" data-no-retina>\n<!---->\t\t\t\t\t\t<\/rs-slide>\n\t\t\t\t\t\t<rs-slide style=\"position: absolute;\" data-key=\"rs-1548\" data-title=\"Slide\" data-thumb=\"\/\/sevenspaces.pl\/wp-content\/uploads\/2021\/02\/elica-2-50x100.jpg\" data-anim=\"ms:1000;r:0;\" data-in=\"o:0;\" data-out=\"a:false;\">\n\t\t\t\t\t\t\t<img decoding=\"async\" src=\"\/\/sevenspaces.pl\/wp-content\/plugins\/revslider\/public\/assets\/assets\/dummy.png\" alt=\"\" title=\"Elica\" class=\"rev-slidebg tp-rs-img rs-lazyload\" data-lazyload=\"\/\/sevenspaces.pl\/wp-content\/uploads\/2021\/02\/elica-2.jpg\" data-parallax=\"off\" data-no-retina>\n<!---->\t\t\t\t\t\t<\/rs-slide>\n\t\t\t\t\t\t<rs-slide style=\"position: absolute;\" data-key=\"rs-1549\" data-title=\"Slide\" data-thumb=\"\/\/sevenspaces.pl\/wp-content\/uploads\/2021\/02\/elica-3-50x100.jpg\" data-anim=\"ms:1000;r:0;\" data-in=\"o:0;\" data-out=\"a:false;\">\n\t\t\t\t\t\t\t<img decoding=\"async\" src=\"\/\/sevenspaces.pl\/wp-content\/plugins\/revslider\/public\/assets\/assets\/dummy.png\" alt=\"\" title=\"Elica\" class=\"rev-slidebg tp-rs-img rs-lazyload\" data-lazyload=\"\/\/sevenspaces.pl\/wp-content\/uploads\/2021\/02\/elica-3.jpg\" data-parallax=\"off\" data-no-retina>\n<!---->\t\t\t\t\t\t<\/rs-slide>\n\t\t\t\t\t\t<rs-slide style=\"position: absolute;\" data-key=\"rs-1550\" data-title=\"Slide\" data-thumb=\"\/\/sevenspaces.pl\/wp-content\/uploads\/2021\/02\/elica-4-50x100.jpg\" data-anim=\"ms:1000;r:0;\" data-in=\"o:0;\" data-out=\"a:false;\">\n\t\t\t\t\t\t\t<img decoding=\"async\" src=\"\/\/sevenspaces.pl\/wp-content\/plugins\/revslider\/public\/assets\/assets\/dummy.png\" alt=\"\" title=\"Elica\" class=\"rev-slidebg tp-rs-img rs-lazyload\" data-lazyload=\"\/\/sevenspaces.pl\/wp-content\/uploads\/2021\/02\/elica-4.jpg\" data-parallax=\"off\" data-no-retina>\n<!---->\t\t\t\t\t\t<\/rs-slide>\n\t\t\t\t\t\t<rs-slide style=\"position: absolute;\" data-key=\"rs-1551\" data-title=\"Slide\" data-thumb=\"\/\/sevenspaces.pl\/wp-content\/uploads\/2021\/02\/elica-5-50x100.jpg\" data-anim=\"ms:1000;r:0;\" data-in=\"o:0;\" data-out=\"a:false;\">\n\t\t\t\t\t\t\t<img decoding=\"async\" src=\"\/\/sevenspaces.pl\/wp-content\/plugins\/revslider\/public\/assets\/assets\/dummy.png\" alt=\"\" title=\"Elica\" class=\"rev-slidebg tp-rs-img rs-lazyload\" data-lazyload=\"\/\/sevenspaces.pl\/wp-content\/uploads\/2021\/02\/elica-5.jpg\" data-parallax=\"off\" data-no-retina>\n<!---->\t\t\t\t\t\t<\/rs-slide>\n\t\t\t\t\t\t<rs-slide style=\"position: absolute;\" data-key=\"rs-1552\" data-title=\"Slide\" data-thumb=\"\/\/sevenspaces.pl\/wp-content\/uploads\/2021\/02\/elica-6-50x100.jpg\" data-anim=\"ms:1000;r:0;\" data-in=\"o:0;\" data-out=\"a:false;\">\n\t\t\t\t\t\t\t<img decoding=\"async\" src=\"\/\/sevenspaces.pl\/wp-content\/plugins\/revslider\/public\/assets\/assets\/dummy.png\" alt=\"\" title=\"Elica\" class=\"rev-slidebg tp-rs-img rs-lazyload\" data-lazyload=\"\/\/sevenspaces.pl\/wp-content\/uploads\/2021\/02\/elica-6.jpg\" data-parallax=\"off\" data-no-retina>\n<!---->\t\t\t\t\t\t<\/rs-slide>\n\t\t\t\t\t\t<rs-slide style=\"position: absolute;\" data-key=\"rs-1553\" data-title=\"Slide\" data-thumb=\"\/\/sevenspaces.pl\/wp-content\/uploads\/2021\/02\/elica-7-50x100.jpg\" data-anim=\"ms:1000;r:0;\" data-in=\"o:0;\" data-out=\"a:false;\">\n\t\t\t\t\t\t\t<img decoding=\"async\" src=\"\/\/sevenspaces.pl\/wp-content\/plugins\/revslider\/public\/assets\/assets\/dummy.png\" alt=\"\" title=\"Elica\" class=\"rev-slidebg tp-rs-img rs-lazyload\" data-lazyload=\"\/\/sevenspaces.pl\/wp-content\/uploads\/2021\/02\/elica-7.jpg\" data-parallax=\"off\" data-no-retina>\n<!---->\t\t\t\t\t\t<\/rs-slide>\n\t\t\t\t\t\t<rs-slide style=\"position: absolute;\" data-key=\"rs-1554\" data-title=\"Slide\" data-thumb=\"\/\/sevenspaces.pl\/wp-content\/uploads\/2021\/02\/elica-8-50x100.jpg\" data-anim=\"ms:1000;r:0;\" data-in=\"o:0;\" data-out=\"a:false;\">\n\t\t\t\t\t\t\t<img decoding=\"async\" src=\"\/\/sevenspaces.pl\/wp-content\/plugins\/revslider\/public\/assets\/assets\/dummy.png\" alt=\"\" title=\"Elica\" class=\"rev-slidebg tp-rs-img rs-lazyload\" data-lazyload=\"\/\/sevenspaces.pl\/wp-content\/uploads\/2021\/02\/elica-8.jpg\" data-parallax=\"off\" data-no-retina>\n<!---->\t\t\t\t\t\t<\/rs-slide>\n\t\t\t\t\t\t<rs-slide style=\"position: absolute;\" data-key=\"rs-1555\" data-title=\"Slide\" data-thumb=\"\/\/sevenspaces.pl\/wp-content\/uploads\/2021\/02\/elica-9-50x100.jpg\" data-anim=\"ms:1000;r:0;\" data-in=\"o:0;\" data-out=\"a:false;\">\n\t\t\t\t\t\t\t<img decoding=\"async\" src=\"\/\/sevenspaces.pl\/wp-content\/plugins\/revslider\/public\/assets\/assets\/dummy.png\" alt=\"\" title=\"Elica\" class=\"rev-slidebg tp-rs-img rs-lazyload\" data-lazyload=\"\/\/sevenspaces.pl\/wp-content\/uploads\/2021\/02\/elica-9.jpg\" data-parallax=\"off\" data-no-retina>\n<!---->\t\t\t\t\t\t<\/rs-slide>\n\t\t\t\t\t\t<rs-slide style=\"position: absolute;\" data-key=\"rs-1556\" data-title=\"Slide\" data-thumb=\"\/\/sevenspaces.pl\/wp-content\/uploads\/2021\/02\/elica-10-50x100.jpg\" data-anim=\"ms:1000;r:0;\" data-in=\"o:0;\" data-out=\"a:false;\">\n\t\t\t\t\t\t\t<img decoding=\"async\" src=\"\/\/sevenspaces.pl\/wp-content\/plugins\/revslider\/public\/assets\/assets\/dummy.png\" alt=\"\" title=\"Elica\" class=\"rev-slidebg tp-rs-img rs-lazyload\" data-lazyload=\"\/\/sevenspaces.pl\/wp-content\/uploads\/2021\/02\/elica-10.jpg\" data-parallax=\"off\" data-no-retina>\n<!---->\t\t\t\t\t\t<\/rs-slide>\n\t\t\t\t\t\t<rs-slide style=\"position: absolute;\" data-key=\"rs-1557\" data-title=\"Slide\" data-thumb=\"\/\/sevenspaces.pl\/wp-content\/uploads\/2021\/02\/elica-11-50x100.jpg\" data-anim=\"ms:1000;r:0;\" data-in=\"o:0;\" data-out=\"a:false;\">\n\t\t\t\t\t\t\t<img decoding=\"async\" src=\"\/\/sevenspaces.pl\/wp-content\/plugins\/revslider\/public\/assets\/assets\/dummy.png\" alt=\"\" title=\"Elica\" class=\"rev-slidebg tp-rs-img rs-lazyload\" data-lazyload=\"\/\/sevenspaces.pl\/wp-content\/uploads\/2021\/02\/elica-11.jpg\" data-parallax=\"off\" data-no-retina>\n<!---->\t\t\t\t\t\t<\/rs-slide>\n\t\t\t\t\t\t<rs-slide style=\"position: absolute;\" data-key=\"rs-1558\" data-title=\"Slide\" data-thumb=\"\/\/sevenspaces.pl\/wp-content\/uploads\/2021\/02\/elica-12-50x100.jpg\" data-anim=\"ms:1000;r:0;\" data-in=\"o:0;\" data-out=\"a:false;\">\n\t\t\t\t\t\t\t<img decoding=\"async\" src=\"\/\/sevenspaces.pl\/wp-content\/plugins\/revslider\/public\/assets\/assets\/dummy.png\" alt=\"\" title=\"Elica\" class=\"rev-slidebg tp-rs-img rs-lazyload\" data-lazyload=\"\/\/sevenspaces.pl\/wp-content\/uploads\/2021\/02\/elica-12.jpg\" data-parallax=\"off\" data-no-retina>\n<!---->\t\t\t\t\t\t<\/rs-slide>\n\t\t\t\t\t\t<rs-slide style=\"position: absolute;\" data-key=\"rs-1559\" data-title=\"Slide\" data-thumb=\"\/\/sevenspaces.pl\/wp-content\/uploads\/2021\/02\/elica-13-50x100.jpg\" data-anim=\"ms:1000;r:0;\" data-in=\"o:0;\" data-out=\"a:false;\">\n\t\t\t\t\t\t\t<img decoding=\"async\" src=\"\/\/sevenspaces.pl\/wp-content\/plugins\/revslider\/public\/assets\/assets\/dummy.png\" alt=\"\" title=\"Elica\" class=\"rev-slidebg tp-rs-img rs-lazyload\" data-lazyload=\"\/\/sevenspaces.pl\/wp-content\/uploads\/2021\/02\/elica-13.jpg\" data-parallax=\"off\" data-no-retina>\n<!---->\t\t\t\t\t\t<\/rs-slide>\n\t\t\t\t\t\t<rs-slide style=\"position: absolute;\" data-key=\"rs-1560\" data-title=\"Slide\" data-thumb=\"\/\/sevenspaces.pl\/wp-content\/uploads\/2021\/02\/elica-14-50x100.jpg\" data-anim=\"ms:1000;r:0;\" data-in=\"o:0;\" data-out=\"a:false;\">\n\t\t\t\t\t\t\t<img decoding=\"async\" src=\"\/\/sevenspaces.pl\/wp-content\/plugins\/revslider\/public\/assets\/assets\/dummy.png\" alt=\"\" title=\"Elica\" class=\"rev-slidebg tp-rs-img rs-lazyload\" data-lazyload=\"\/\/sevenspaces.pl\/wp-content\/uploads\/2021\/02\/elica-14.jpg\" data-parallax=\"off\" data-no-retina>\n<!---->\t\t\t\t\t\t<\/rs-slide>\n\t\t\t\t\t\t<rs-slide style=\"position: absolute;\" data-key=\"rs-1561\" data-title=\"Slide\" data-thumb=\"\/\/sevenspaces.pl\/wp-content\/uploads\/2021\/02\/elica-15-50x100.jpg\" data-anim=\"ms:1000;r:0;\" data-in=\"o:0;\" data-out=\"a:false;\">\n\t\t\t\t\t\t\t<img decoding=\"async\" src=\"\/\/sevenspaces.pl\/wp-content\/plugins\/revslider\/public\/assets\/assets\/dummy.png\" alt=\"\" title=\"Elica\" class=\"rev-slidebg tp-rs-img rs-lazyload\" data-lazyload=\"\/\/sevenspaces.pl\/wp-content\/uploads\/2021\/02\/elica-15.jpg\" data-parallax=\"off\" data-no-retina>\n<!---->\t\t\t\t\t\t<\/rs-slide>\n\t\t\t\t\t\t<rs-slide style=\"position: absolute;\" data-key=\"rs-1562\" data-title=\"Slide\" data-thumb=\"\/\/sevenspaces.pl\/wp-content\/uploads\/2021\/02\/elica-16-50x100.jpg\" data-anim=\"ms:1000;r:0;\" data-in=\"o:0;\" data-out=\"a:false;\">\n\t\t\t\t\t\t\t<img decoding=\"async\" src=\"\/\/sevenspaces.pl\/wp-content\/plugins\/revslider\/public\/assets\/assets\/dummy.png\" alt=\"\" title=\"Elica\" class=\"rev-slidebg tp-rs-img rs-lazyload\" data-lazyload=\"\/\/sevenspaces.pl\/wp-content\/uploads\/2021\/02\/elica-16.jpg\" data-parallax=\"off\" data-no-retina>\n<!---->\t\t\t\t\t\t<\/rs-slide>\n\t\t\t\t\t\t<rs-slide style=\"position: absolute;\" data-key=\"rs-1563\" data-title=\"Slide\" data-thumb=\"\/\/sevenspaces.pl\/wp-content\/uploads\/2021\/02\/elica-17-50x100.jpg\" data-anim=\"ms:1000;r:0;\" data-in=\"o:0;\" data-out=\"a:false;\">\n\t\t\t\t\t\t\t<img decoding=\"async\" src=\"\/\/sevenspaces.pl\/wp-content\/plugins\/revslider\/public\/assets\/assets\/dummy.png\" alt=\"\" title=\"Elica\" class=\"rev-slidebg tp-rs-img rs-lazyload\" data-lazyload=\"\/\/sevenspaces.pl\/wp-content\/uploads\/2021\/02\/elica-17.jpg\" data-parallax=\"off\" data-no-retina>\n<!---->\t\t\t\t\t\t<\/rs-slide>\n\t\t\t\t\t\t<rs-slide style=\"position: absolute;\" data-key=\"rs-1564\" data-title=\"Slide\" data-thumb=\"\/\/sevenspaces.pl\/wp-content\/uploads\/2021\/02\/elica-18-50x100.jpg\" data-anim=\"ms:1000;r:0;\" data-in=\"o:0;\" data-out=\"a:false;\">\n\t\t\t\t\t\t\t<img decoding=\"async\" src=\"\/\/sevenspaces.pl\/wp-content\/plugins\/revslider\/public\/assets\/assets\/dummy.png\" alt=\"\" title=\"Elica\" class=\"rev-slidebg tp-rs-img rs-lazyload\" data-lazyload=\"\/\/sevenspaces.pl\/wp-content\/uploads\/2021\/02\/elica-18.jpg\" data-parallax=\"off\" data-no-retina>\n<!---->\t\t\t\t\t\t<\/rs-slide>\n\t\t\t\t\t<\/rs-slides>\n\t\t\t\t<\/rs-module>\n\t\t\t\t<script>\n\t\t\t\t\tsetREVStartSize({c: 'rev_slider_2_1',rl:[1240,1024,778,480],el:[768],gw:[1366],gh:[768],type:'carousel',justify:'',layout:'fullwidth',thumbh:\"80\",mh:\"0\"});if (window.RS_MODULES!==undefined && window.RS_MODULES.modules!==undefined && window.RS_MODULES.modules[\"revslider21\"]!==undefined) {window.RS_MODULES.modules[\"revslider21\"].once = false;window.revapi2 = undefined;if (window.RS_MODULES.checkMinimal!==undefined) window.RS_MODULES.checkMinimal()}\n\t\t\t\t<\/script>\n\t\t\t<\/rs-module-wrap>\n\t\t\t<!-- END REVOLUTION SLIDER -->\n<\/div><\/div><\/div><div class=\"fusion-layout-column fusion_builder_column fusion-builder-column-2 fusion_builder_column_1_1 1_1 fusion-flex-column fusion-flex-align-self-flex-start fusion-column-no-min-height\" style=\"--awb-bg-size:cover;--awb-width-large:100%;--awb-margin-top-large:30px;--awb-spacing-right-large:1.92%;--awb-margin-bottom-large:20px;--awb-spacing-left-large:1.92%;--awb-width-medium:100%;--awb-spacing-right-medium:1.92%;--awb-spacing-left-medium:1.92%;--awb-width-small:100%;--awb-spacing-right-small:1.92%;--awb-spacing-left-small:1.92%;\"><div class=\"fusion-column-wrapper fusion-column-has-shadow fusion-flex-justify-content-flex-start fusion-content-layout-column\"><div class=\"fusion-text fusion-text-1\"><p style=\"text-align: center;\">Elica to w\u0142oska marka producenta okap\u00f3w kuchennych, obecna na rynku od 1970r. Znana na ca\u0142ym \u015bwiecie jako symbol najlepszej w\u0142oskiej jako\u015bci, innowacyjnych technologii i designu okap\u00f3w kuchennych. Systemy oczyszczania powietrza stosowane w okapach Elica zapewniaj\u0105 maksymaln\u0105 wydajno\u015b\u0107 zasysania i filtrowania powietrza, wydajno\u015b\u0107 energetyczn\u0105 i cich\u0105 prac\u0119 urz\u0105dzenia. &#8222;Aria Nuova&#8221; to misja, kt\u00f3ra towarzyszy Elica w projektowaniu okap\u00f3w &#8211; charakterystycznych, innowacyjnych, unikalnych. Okapy Elica to przede wszystkim design i nowoczesno\u015b\u0107 a ich esencj\u0119 stanowi\u0105 wyszukane materia\u0142y i najnowocze\u015bniejsze technologie, kt\u00f3re \u0142\u0105cz\u0105 si\u0119 z ci\u0105g\u0142ymi badaniami i do\u015bwiadczeniami.<\/p>\n<\/div><\/div><\/div><div class=\"fusion-layout-column fusion_builder_column fusion-builder-column-3 fusion_builder_column_1_1 1_1 fusion-flex-column fusion-flex-align-self-flex-start fusion-column-no-min-height\" style=\"--awb-padding-top:40px;--awb-bg-size:cover;--awb-width-large:100%;--awb-margin-top-large:0px;--awb-spacing-right-large:1.92%;--awb-margin-bottom-large:20px;--awb-spacing-left-large:1.92%;--awb-width-medium:100%;--awb-spacing-right-medium:1.92%;--awb-spacing-left-medium:1.92%;--awb-width-small:100%;--awb-spacing-right-small:1.92%;--awb-spacing-left-small:1.92%;\"><div class=\"fusion-column-wrapper fusion-flex-justify-content-flex-start fusion-content-layout-column\"><div style=\"text-align:center;\"><a class=\"fusion-button button-flat button-xlarge button-default fusion-button-default button-1 fusion-button-default-span fusion-button-default-type\" style=\"--button_text_transform:uppercase;\" target=\"_blank\" rel=\"noopener noreferrer\" href=\"https:\/\/www.facebook.com\/SevenSpacesShowroom\/shop\/?ref_code=mini_shop_page_card_cta&amp;ref_surface=page\"><span class=\"fusion-button-text\">ZOBACZ OFERT\u0118 NA FB<\/span><\/a><\/div><\/div><\/div><\/div><\/div>\n","protected":false},"excerpt":{"rendered":"","protected":false},"author":7,"featured_media":0,"parent":373,"menu_order":0,"comment_status":"closed","ping_status":"closed","template":"100-width.php","meta":{"footnotes":""},"class_list":["post-1269","page","type-page","status-publish","hentry"],"yoast_head":"<!-- This site is optimized with the Yoast SEO plugin v27.5 - https:\/\/yoast.com\/product\/yoast-seo-wordpress\/ -->\n<title>Elica - Seven Spaces Showroom<\/title>\n<meta name=\"robots\" content=\"index, follow, max-snippet:-1, max-image-preview:large, max-video-preview:-1\" \/>\n<link rel=\"canonical\" href=\"https:\/\/sevenspaces.pl\/?page_id=1269\" \/>\n<meta property=\"og:locale\" content=\"pl_PL\" \/>\n<meta property=\"og:type\" content=\"article\" \/>\n<meta property=\"og:title\" content=\"Elica - Seven Spaces Showroom\" \/>\n<meta property=\"og:url\" content=\"https:\/\/sevenspaces.pl\/?page_id=1269\" \/>\n<meta property=\"og:site_name\" content=\"Seven Spaces Showroom\" \/>\n<meta property=\"article:modified_time\" content=\"2021-06-04T07:27:14+00:00\" \/>\n<meta name=\"twitter:card\" content=\"summary_large_image\" \/>\n<meta name=\"twitter:label1\" content=\"Szacowany czas czytania\" \/>\n\t<meta name=\"twitter:data1\" content=\"4 minuty\" \/>\n<script type=\"application\/ld+json\" class=\"yoast-schema-graph\">{\"@context\":\"https:\\\/\\\/schema.org\",\"@graph\":[{\"@type\":\"WebPage\",\"@id\":\"https:\\\/\\\/sevenspaces.pl\\\/?page_id=1269\",\"url\":\"https:\\\/\\\/sevenspaces.pl\\\/?page_id=1269\",\"name\":\"Elica - Seven Spaces Showroom\",\"isPartOf\":{\"@id\":\"https:\\\/\\\/sevenspaces.pl\\\/#website\"},\"datePublished\":\"2021-02-18T18:19:54+00:00\",\"dateModified\":\"2021-06-04T07:27:14+00:00\",\"breadcrumb\":{\"@id\":\"https:\\\/\\\/sevenspaces.pl\\\/?page_id=1269#breadcrumb\"},\"inLanguage\":\"pl-PL\",\"potentialAction\":[{\"@type\":\"ReadAction\",\"target\":[\"https:\\\/\\\/sevenspaces.pl\\\/?page_id=1269\"]}]},{\"@type\":\"BreadcrumbList\",\"@id\":\"https:\\\/\\\/sevenspaces.pl\\\/?page_id=1269#breadcrumb\",\"itemListElement\":[{\"@type\":\"ListItem\",\"position\":1,\"name\":\"Strona g\u0142\u00f3wna\",\"item\":\"https:\\\/\\\/sevenspaces.pl\\\/\"},{\"@type\":\"ListItem\",\"position\":2,\"name\":\"Produkty\",\"item\":\"https:\\\/\\\/sevenspaces.pl\\\/?page_id=17\"},{\"@type\":\"ListItem\",\"position\":3,\"name\":\"Sprz\u0119ty AGD\",\"item\":\"https:\\\/\\\/sevenspaces.pl\\\/?page_id=373\"},{\"@type\":\"ListItem\",\"position\":4,\"name\":\"Elica\"}]},{\"@type\":\"WebSite\",\"@id\":\"https:\\\/\\\/sevenspaces.pl\\\/#website\",\"url\":\"https:\\\/\\\/sevenspaces.pl\\\/\",\"name\":\"Seven Spaces Showroom\",\"description\":\"\",\"potentialAction\":[{\"@type\":\"SearchAction\",\"target\":{\"@type\":\"EntryPoint\",\"urlTemplate\":\"https:\\\/\\\/sevenspaces.pl\\\/?s={search_term_string}\"},\"query-input\":{\"@type\":\"PropertyValueSpecification\",\"valueRequired\":true,\"valueName\":\"search_term_string\"}}],\"inLanguage\":\"pl-PL\"}]}<\/script>\n<!-- \/ Yoast SEO plugin. -->","yoast_head_json":{"title":"Elica - Seven Spaces Showroom","robots":{"index":"index","follow":"follow","max-snippet":"max-snippet:-1","max-image-preview":"max-image-preview:large","max-video-preview":"max-video-preview:-1"},"canonical":"https:\/\/sevenspaces.pl\/?page_id=1269","og_locale":"pl_PL","og_type":"article","og_title":"Elica - Seven Spaces Showroom","og_url":"https:\/\/sevenspaces.pl\/?page_id=1269","og_site_name":"Seven Spaces Showroom","article_modified_time":"2021-06-04T07:27:14+00:00","twitter_card":"summary_large_image","twitter_misc":{"Szacowany czas czytania":"4 minuty"},"schema":{"@context":"https:\/\/schema.org","@graph":[{"@type":"WebPage","@id":"https:\/\/sevenspaces.pl\/?page_id=1269","url":"https:\/\/sevenspaces.pl\/?page_id=1269","name":"Elica - Seven Spaces Showroom","isPartOf":{"@id":"https:\/\/sevenspaces.pl\/#website"},"datePublished":"2021-02-18T18:19:54+00:00","dateModified":"2021-06-04T07:27:14+00:00","breadcrumb":{"@id":"https:\/\/sevenspaces.pl\/?page_id=1269#breadcrumb"},"inLanguage":"pl-PL","potentialAction":[{"@type":"ReadAction","target":["https:\/\/sevenspaces.pl\/?page_id=1269"]}]},{"@type":"BreadcrumbList","@id":"https:\/\/sevenspaces.pl\/?page_id=1269#breadcrumb","itemListElement":[{"@type":"ListItem","position":1,"name":"Strona g\u0142\u00f3wna","item":"https:\/\/sevenspaces.pl\/"},{"@type":"ListItem","position":2,"name":"Produkty","item":"https:\/\/sevenspaces.pl\/?page_id=17"},{"@type":"ListItem","position":3,"name":"Sprz\u0119ty AGD","item":"https:\/\/sevenspaces.pl\/?page_id=373"},{"@type":"ListItem","position":4,"name":"Elica"}]},{"@type":"WebSite","@id":"https:\/\/sevenspaces.pl\/#website","url":"https:\/\/sevenspaces.pl\/","name":"Seven Spaces Showroom","description":"","potentialAction":[{"@type":"SearchAction","target":{"@type":"EntryPoint","urlTemplate":"https:\/\/sevenspaces.pl\/?s={search_term_string}"},"query-input":{"@type":"PropertyValueSpecification","valueRequired":true,"valueName":"search_term_string"}}],"inLanguage":"pl-PL"}]}},"_links":{"self":[{"href":"https:\/\/sevenspaces.pl\/index.php?rest_route=\/wp\/v2\/pages\/1269","targetHints":{"allow":["GET"]}}],"collection":[{"href":"https:\/\/sevenspaces.pl\/index.php?rest_route=\/wp\/v2\/pages"}],"about":[{"href":"https:\/\/sevenspaces.pl\/index.php?rest_route=\/wp\/v2\/types\/page"}],"author":[{"embeddable":true,"href":"https:\/\/sevenspaces.pl\/index.php?rest_route=\/wp\/v2\/users\/7"}],"replies":[{"embeddable":true,"href":"https:\/\/sevenspaces.pl\/index.php?rest_route=%2Fwp%2Fv2%2Fcomments&post=1269"}],"version-history":[{"count":11,"href":"https:\/\/sevenspaces.pl\/index.php?rest_route=\/wp\/v2\/pages\/1269\/revisions"}],"predecessor-version":[{"id":2914,"href":"https:\/\/sevenspaces.pl\/index.php?rest_route=\/wp\/v2\/pages\/1269\/revisions\/2914"}],"up":[{"embeddable":true,"href":"https:\/\/sevenspaces.pl\/index.php?rest_route=\/wp\/v2\/pages\/373"}],"wp:attachment":[{"href":"https:\/\/sevenspaces.pl\/index.php?rest_route=%2Fwp%2Fv2%2Fmedia&parent=1269"}],"curies":[{"name":"wp","href":"https:\/\/api.w.org\/{rel}","templated":true}]}}